{"id":767,"date":"2015-02-06T12:43:54","date_gmt":"2015-02-06T12:43:54","guid":{"rendered":"http:\/\/s404987499.mialojamiento.es\/nuevaweb\/?page_id=767"},"modified":"2021-01-06T13:25:35","modified_gmt":"2021-01-06T12:25:35","slug":"discipular","status":"publish","type":"page","link":"https:\/\/www.iglesialasaguilas.com\/?page_id=767","title":{"rendered":"Discipular"},"content":{"rendered":"<p><strong>El discipulado cristiano es el llamamiento m\u00e1s grande que existe en esta tierra.<\/strong><a href=\"https:\/\/s404987499.mialojamiento.es\/nuevaweb\/wp-content\/uploads\/2015\/02\/discipular.jpg\"><img loading=\"lazy\" decoding=\"async\" class=\"  wp-image-768 alignright\" src=\"https:\/\/s404987499.mialojamiento.es\/nuevaweb\/wp-content\/uploads\/2015\/02\/discipular-300x201.jpg\" alt=\"discipular\" width=\"243\" height=\"163\" srcset=\"https:\/\/www.iglesialasaguilas.com\/wp-content\/uploads\/2015\/02\/discipular-300x201.jpg 300w, https:\/\/www.iglesialasaguilas.com\/wp-content\/uploads\/2015\/02\/discipular-1024x687.jpg 1024w, https:\/\/www.iglesialasaguilas.com\/wp-content\/uploads\/2015\/02\/discipular.jpg 1536w\" sizes=\"auto, (max-width: 243px) 100vw, 243px\" \/><\/a><\/p>\n<p><strong>No existir\u00e1 otro reto mas desafiante<\/strong> que seguir las pisadas de Jes\u00fas. Todo cristiano a esto ha sido llamado, tal como el ap\u00f3stol Pedro tiene el cuidado de dec\u00edrnoslo: \u201cPues para esto fuisteis llamados; porque tambi\u00e9n Cristo padeci\u00f3 por nosotros, dej\u00e1ndonos ejemplo, para que sig\u00e1is sus pisadas\u201d (1\u00aa Pedro 2:21).<\/p>\n<p><strong>El camino ya est\u00e1 trazado,<\/strong> pues el ejemplo nos ha sido dado por aquel que estando en la condici\u00f3n de hombre, se humill\u00f3 a s\u00ed mismo, haci\u00e9ndose obediente hasta la muerte, y muerte de cruz (Filipenses 2:8). No podemos ser disc\u00edpulos de Cristo si en nosotros no hay esa misma obediencia que hubo en \u00c9l (ver Filipenses 2:5), y cabe resaltar que su obediencia fue hasta la muerte.<\/p>\n<p><strong>\u00c9l mismo describi\u00f3<\/strong> el car\u00e1cter y la actitud de las personas que quisieran abrazar semejante propuesta: \u201cDesde los d\u00edas de Juan el Bautista hasta ahora, el reino de los cielos sufre violencia, y los violentos lo arrebatan\u201d (Mateo 11:12).<\/p>\n<p><strong>Como iglesia, escogemos este camino para formar a todos, para llegar a ser disc\u00edpulos de Jes\u00fas.<\/strong><\/p>\n<p>Mayormente, hacemos un discipulado personal, encaminado a formar a aquellos dispuestos a ense\u00f1ar tambi\u00e9n a otros. (2\u00aaTim. 2:2) y a formar a aquellos creyentes que quieren seguir creciendo en el Se\u00f1or.<\/p>\n<p>Utilizamos diferentes m\u00e9todos de estudio y discipulado como: <a href=\"https:\/\/seaninternational.net\/spanish\/courses.html\">SEAN<\/a>, <a href=\"https:\/\/www.editoriallogos.com.ar\/servicios1\">Puerta Camino y Meta <\/a>y diferentes materiales de <a href=\"https:\/\/churchrenewal.com\">Church Renewal<\/a> para el liderazgo.<\/p>\n\n\n<p><\/p>\n","protected":false},"excerpt":{"rendered":"<p>El discipulado cristiano es el llamamiento m\u00e1s grande que existe en esta tierra. No existir\u00e1 otro reto mas desafiante que seguir las pisadas de Jes\u00fas. Todo cristiano a esto ha sido llamado, tal como el ap\u00f3stol Pedro tiene el cuidado de dec\u00edrnoslo: \u201cPues para esto fuisteis llamados; porque tambi\u00e9n Cristo padeci\u00f3 por nosotros, dej\u00e1ndonos ejemplo, [&hellip;]<\/p>\n","protected":false},"author":3,"featured_media":0,"parent":0,"menu_order":0,"comment_status":"open","ping_status":"open","template":"","meta":{"footnotes":""},"class_list":["post-767","page","type-page","status-publish","hentry"],"_links":{"self":[{"href":"https:\/\/www.iglesialasaguilas.com\/index.php?rest_route=\/wp\/v2\/pages\/767","targetHints":{"allow":["GET"]}}],"collection":[{"href":"https:\/\/www.iglesialasaguilas.com\/index.php?rest_route=\/wp\/v2\/pages"}],"about":[{"href":"https:\/\/www.iglesialasaguilas.com\/index.php?rest_route=\/wp\/v2\/types\/page"}],"author":[{"embeddable":true,"href":"https:\/\/www.iglesialasaguilas.com\/index.php?rest_route=\/wp\/v2\/users\/3"}],"replies":[{"embeddable":true,"href":"https:\/\/www.iglesialasaguilas.com\/index.php?rest_route=%2Fwp%2Fv2%2Fcomments&post=767"}],"version-history":[{"count":4,"href":"https:\/\/www.iglesialasaguilas.com\/index.php?rest_route=\/wp\/v2\/pages\/767\/revisions"}],"predecessor-version":[{"id":3438,"href":"https:\/\/www.iglesialasaguilas.com\/index.php?rest_route=\/wp\/v2\/pages\/767\/revisions\/3438"}],"wp:attachment":[{"href":"https:\/\/www.iglesialasaguilas.com\/index.php?rest_route=%2Fwp%2Fv2%2Fmedia&parent=767"}],"curies":[{"name":"wp","href":"https:\/\/api.w.org\/{rel}","templated":true}]}}